, 3, 5, 23
What are the prime factors of 575100?
2, 3, 5, 71
What are the prime factors of 6947300?
2, 5, 69473
What are the prime factors of 7393849?
7393849
What are the prime factors of 893926?
2, 11, 179, 227
List the prime factors of 1763170.
2, 5, 176317
What are the prime factors of 3298729?
7, 23, 2927
List the prime factors of 8404982.
2, 23, 89, 2053
List the prime factors of 207426.
2, 3, 181, 191
What are the prime factors of 1412994?
2, 3, 11, 79, 271
What are the prime factors of 35237207?
35237207
What are the prime factors of 971229?
3, 7, 6607
What are the prime factors of 1956999?
3, 11, 31, 1913
What are the prime factors of 287662?
2, 143831
What are the prime factors of 23919460?
2, 5, 313, 3821
List the prime factors of 12111539.
11, 809, 1361
List the prime factors of 1187397.
3, 131933
List the prime factors of 4571669.
1013, 4513
List the prime factors of 11017573.
7, 1573939
List the prime factors of 11058099.
3, 13, 283541
List the prime factors of 7468712.
2, 17, 54917
What are the prime factors of 1079925?
3, 5, 7, 11, 17
List the prime factors of 219224.
2, 67, 409
List the prime factors of 166165.
5, 167, 199
What are the prime factors of 1092116?
2, 273029
What are the prime factors of 283082?
2, 59, 2399
List the prime factors of 30027421.
30027421
What are the prime factors of 63943?
11, 5813
List the prime factors of 9177520.
2, 5, 11, 10429
What are the prime factors of 813476?
2, 47, 4327
List the prime factors of 778590.
2, 3, 5, 41, 211
List the prime factors of 34007551.
37, 227, 4049
What are the prime factors of 289129?
289129
What are the prime factors of 54197?
11, 13, 379
List the prime factors of 3565790.
2, 5, 356579
What are the prime factors of 209614?
2, 311, 337
What are the prime factors of 3096935?
5, 41, 15107
List the prime factors of 762650.
2, 5, 7, 2179
List the prime factors of 7723406.
2, 17, 227159
What are the prime factors of 10502011?
13, 127, 6361
List the prime factors of 119463.
3, 39821
What are the prime factors of 7633951?
13, 37, 59, 269
List the prime factors of 13253224.
2, 877, 1889
List the prime factors of 155712.
2, 3, 811
What are the prime factors of 123829?
123829
What are the prime factors of 1307027?
59, 22153
List the prime factors of 4185890.
2, 5, 19, 22031
List the prime factors of 383724.
2, 3, 11, 17, 19
List the prime factors of 1900042.
2, 397, 2393
List the prime factors of 2495210.
2, 5, 249521
What are the prime factors of 947664?
2, 3, 6581
What are the prime factors of 1241888?
2, 197
List the prime factors of 7953281.
7, 1136183
List the prime factors of 11267301.
3, 461, 8147
What are the prime factors of 1974078?
2, 3, 139, 263
List the prime factors of 141959.
141959
What are the prime factors of 207665?
5, 41, 1013
List the prime factors of 2625417.
3, 487, 599
What are the prime factors of 2612312?
2, 326539
List the prime factors of 730216.
2, 97, 941
What are the prime factors of 5945617?
2221, 2677
What are the prime factors of 880339?
43, 59, 347
List the prime factors of 3018298.
2, 179, 8431
List the prime factors of 5085621.
3, 565069
List the prime factors of 7924349.
19, 59, 7069
What are the prime factors of 707614?
2, 353807
What are the prime factors of 13337831?
13, 967, 1061
List the prime factors of 2761541.
23, 120067
What are the prime factors of 2856862?
2, 1428431
What are the prime factors of 12979269?
3, 29, 223
What are the prime factors of 5751064?
2, 11, 65353
What are the prime factors of 12435356?
2, 3108839
List the prime factors of 344749.
344749
What are the prime factors of 2120807?
13, 23, 41, 173
What are the prime factors of 76908?
2, 3, 13, 17, 29
List the prime factors of 339334.
2, 169667
What are the prime factors of 379301?
13, 163, 179
What are the prime factors of 1018388?
2, 7, 37, 983
What are the prime factors of 1123006?
2, 31, 59, 307
List the prime factors of 5051449.
13, 388573
What are the prime factors of 5507108?
2, 1376777
What are the prime factors of 12433885?
5, 17, 19, 7699
What are the prime factors of 4837412?
2, 1209353
List the prime factors of 3010074.
2, 3, 199, 2521
List the prime factors of 2014738.
2, 11, 17, 5387
What are the prime factors of 691193?
691193
What are the prime factors of 15211243?
17, 894779
List the prime factors of 175015.
5, 17, 29, 71
List the prime factors of 3497371.
29, 83, 1453
List the prime factors of 3421553.
43, 47, 1693
What are the prime factors of 1491831?
3, 11, 5023
List the prime factors of 643822.
2, 321911
What are the prime factors of 4005630?
2, 3, 5, 44507
What are the prime factors of 1565452?
2, 7, 163
What are the prime factors of 21788144?
2, 7, 27791
List the prime factors of 1357667.
23, 59029
What are the prime factors of 1069083?
3, 118787
What are the prime factors of 1645107?
3, 17, 32257
List the prime factors of 470398.
2, 235199
List the prime factors of 1212664.
2, 29, 5227
What are the prime factors of 11861524?
2, 2965381
What are the prime factors of 7140782?
2, 11, 17, 61, 313
What are the prime factors of 122592?
2, 3, 1277
What are the prime factors of 4698671?
4698671
List the prime factors of 383499.
3, 42611
List the prime factors of 573488.
2, 73, 491
What are the prime factors of 1469520?
2, 3, 5, 13, 157
List the prime factors of 1124502.
2, 3, 187417
List the prime factors of 42352935.
3, 5, 2823529
What are the prime factors of 6239191?
7, 59, 15107
List the prime factors of 464457.
3, 7, 17, 1301
List the prime factors of 728341.
23, 31667
What are the prime factors of 5726424?
2, 3, 11, 109, 199
What are the prime factors of 706906?
2, 353453
List the prime factors of 460850.
2, 5, 13, 709
List the prime factors of 286970.
2, 5, 28697
List the prime factors of 14250239.
1163, 12253
What are the prime factors of 821397?
3, 113, 2423
What are the prime factors of 11912489?
79, 150791
List the prime factors of 291850.
2, 5, 13, 449
What are the prime factors of 1146284?
2, 53, 5407
What are the prime factors of 5907725?
5, 67, 3527
What are the prime factors of 2323011?
3, 774337
List the prime factors of 25914471.
3, 11, 785287
List the prime factors of 925833.
3, 43, 7177
List the prime factors of 5201304.
2, 3, 31, 6991
What are the prime factors of 1306860?
2, 3, 5, 23, 947
List the prime factors of 28577045.
5, 7, 19, 877
What are the prime factors of 4033861?
13, 23869
List the prime factors of 1374532.
2, 113, 3041
List the prime factors of 112488.
2, 3, 43, 109
What are the prime factors of 3652635?
3, 5, 7, 43, 809
What are the prime factors of 4401588?
2, 3, 349, 1051
List the prime factors of 904237.
103, 8779
List the prime factors of 744879.
3, 248293
List the prime factors of 40236.
2, 3, 7, 479
What are the prime factors of 8314703?
1823, 4561
What are the prime factors of 2500884?
2, 3, 127, 547
What are the prime factors of 13647985?
5, 13, 19, 43, 257
What are the prime factors of 4874748?
2, 3, 271, 1499
What are the prime factors of 373197?
3, 11, 43, 263
What are the prime factors of 410336?
2, 12823
What are the prime factors of 13669625?
5, 109357
What are the prime factors of 13668191?
83, 164677
What are the prime factors of 879048?
2, 3, 29, 421
What are the prime factors of 10438886?
2, 5219443
What are the prime factors of 2579570?
2, 5, 7, 43, 857
List the prime factors of 8034992.
2, 7, 71741
List the prime factors of 2019825.
3, 5, 47, 191
What are the prime factors of 1230506?
2, 615253
List the prime factors of 1440708.
2, 3, 211, 569
What are the prime factors of 3684530?
2, 5, 368453
List the prime factors of 1330.
2, 5, 7, 19
List the prime factors of 1096126.
2, 17, 103, 313
What are the prime factors of 6389616?
2, 3, 133117
What are the prime factors of 1220787?
3, 17, 79, 101
What are the prime factors of 3497328?
2, 3, 149, 163
What are the prime factors of 2897599?
17, 170447
List the prime factors of 2418293.
2418293
What are the prime factors of 21852247?
21852247
What are the prime factors of 3189349?
41, 107, 727
What are the prime factors of 409728?
2, 3, 11, 97
List the prime factors of 159636.
2, 3, 53, 251
List the prime factors of 23721529.
13, 911, 2003
What are the prime factors of 133349?
133349
What are the prime factors of 355772?
2, 29, 3067
List the prim